 the second derivative of w(k). Give d(-1).
-11
Let v = 1 + 22. Suppose 3*l + 3*c + 3 = 0, -2*l + l + v = -5*c. Suppose 5*r + 0*r + 24 = -4*j, l*j + 4*r = -19. Let d(n) = -9*n**2 - 1. Give d(j).
-10
Let v(r) = -3*r**2 + r. Let i(p) = 3*p**2 + 2*p - 44. Let t be i(-9). Let u = t + -178. Calculate v(u).
-24
Let p(n) be the second derivative of -n**3 + 20*n**2 + 403*n - 1. Give p(9).
-14
Let f(j) = -7*j + j**2 + 60 - 247 + j**3 + 60 + 58 + 67. Determine f(3).
13
Let p(z) = 485*z - 503*z + 1237 - 1215. What is p(2)?
-14
Suppose 22*m + 3*p = 17*m + 50, -3*m + 2*p = -11. Let r(x) = x**3 - 6*x**2 - 4*x - 3. Calculate r(m).
18
Suppose -21*o = -15*o + 14*o. Let d(y) = 2*y**3 + y + y**2 - 4*y**3 + 3*y**3 + 7. Give d(o).
7
Let i = -4 - -7. Let g = -30 - -77. Let h(r) = -25*r - 20*r + g*r. What is h(i)?
6
Let d(t) = -t. Let v(x) be the second derivative of -11*x**3/6 - x**2/2 + 3*x + 1. Let i(p) = -5*d(p) + v(p). Suppose 3 = -4*b + b. Calculate i(b).
5
Let f = -35 + 35. Suppose f = 3*m + 2*d - 19, d = 4*m - 0 - 7. Let g(q) = q**2 + 4 - 16*q + 7*q - q + 3*q. Calculate g(m).
-8
Let s be (-78)/21 - (-4)/(-14). Let u(m) = -7*m - 2*m + 50 - 103 + 52 + m. Determine u(s).
31
Let i(m) be the third derivative of -13*m**5/60 - m**4/6 + m**3/6 + 7*m**2 + 122*m. What is i(2)?
-59
Let d(z) = 8*z**2 + z + 1. Let s = -27 - -32. Suppose -s*r - 3*a - 180 = -0*r, -4*r - 151 = a. Let b = r + 38. Determine d(b).
8
Suppose -24 = -u - 120. Let r = -96 - u. Let s(m) = m**3 - m**2 + m - 6. Determine s(r).
-6
Let c(i) = -28*i**2 - 1. Let g be 0 + 92/6 - 7/21. Let o = -11 + g. Suppose -o*p - 17 = -21. Calculate c(p).
-29
Let y be ((-11)/(-2))/(5/(-30)*-3). Let g(j) = 2*j**2 - 13*j + 21. Let v be g(5). Let p(b) = -b**3 + 0*b**3 - 225*b + 12*b**2 + 213*b + v. Calculate p(y).
-5
Let m(s) = -2*s**2 + s + 1. Let o(n) = -n**2 - 9*n - n**2 + 0*n**2 + 3*n**2 - 20. Let y be -11*-1*(-1)/(-1). Let q be o(y). What is m(q)?
-5
Let c(w) be the second derivative of w**4/12 - 3*w**3/2 + 9*w**2/2 + 238*w. Suppose 5*g - v - 115 = g, 3*v + 15 = g. Suppose 0 = -l + 6*l - g. Give c(l).
-9
Let b(y) be the third derivative of -5/12*y**4 - 1/120*y**6 + 0 + 23*y**2 - 7/6*y**3 - 11/60*y**5 + 0*y. Give b(-10).
-7
Let w(n) = n**2 + 4*n + 3. Let m be w(-1). Suppose m = 2*r - 6, 8*j = 9*j - 3*r + 20. Let l(u) = -u - 15. What is l(j)?
-4
Let r(l) = 1524*l**2 - 31 - 779*l**2 - 746*l**2 - 92 + 12 + 19*l. What is r(8)?
-23
Let k(u) = -3*u**3 + 3*u**2 - 3*u + 1. Let j(f) = -4*f**3 - f**2 - f - 4. Suppose 5*v + 57 - 47 = 0. Let a be j(v). Suppose -11*x - a = -24*x. Give k(x).
-17
Let m(t) = 5*t - 5. Let f(a) = -14*a + 14. Let r(p) = -5*f(p) - 16*m(p). Let b(z) = 19*z - 17. Let j(v) = 4*b(v) + 7*r(v). Determine j(2).
14
Let a(u) = 4 + 19 - 18 - u + 1. Determine a(-2).
8
Let j(d) be the second derivative of d**4/12 + 17*d**3/6 + 11*d**2 + 1741*d. Determine j(-18).
40
Let s(b) = 2*b**2 + 5*b + 21. Let m(n) = -n**2 - 3*n - 10. Let z(f) = 9*m(f) + 4*s(f). Suppose 4*q + 16 = -0*q. Calculate z(q).
6
Let f be (1588/(-1191))/((-11)/3) - (-190)/22. Let w(c) = -c**3 + 6*c**2 + 20*c + 23. Calculate w(f).
-40
Let m(j) = 11*j + 6*j**2 + j**2 + 0 + 0 + 5. Let d(a) = -3*a**2 - 6*a - 2. Let b(w) = 5*d(w) + 2*m(w). Let z be b(-8). Let y(p) = p + 3. What is y(z)?
3
Let s be -21 - 16/48*-51. Let o(w) be the second derivative of -w**5/20 - w**4/3 - 6*w. Calculate o(s).
0
Suppose 2 = -2*y, 2*j - 9 = 3*y + 6. Suppose -j = -5*z + 9. Let l(b) = -14*b**z - 19*b**3 + 12 - b + 32*b**3 - b**2. Give l(0).
12
Let c(i) = -62*i**2 + 15*i + 9. Let k(l) = 12*l**2 - 3*l - 2. Let h(y) = -2*c(y) - 11*k(y). Give h(2).
-22
Let z = 0 - -10. Suppose -z = -3*y - 1. Let n(f) = 3*f + 24*f**3 - 25*f**y - 5 - f**2 - 3*f. Calculate n(0).
-5
Let a(t) = -t**2 + 28*t + 282. Let d = 15325 - 15289. Give a(d).
-6
Let l(t) = 2*t**3 - 4*t**2 - 4*t - 5. Let x be l(4). Let y(m) = -m**2 + m**3 - x - 39 - 36 - 2*m + 116. What is y(-2)?
-10
Let h = -391 - -397. Let y(v) = 21*v - h - 47*v + 25*v. What is y(-10)?
4
Suppose 107 = -3*l - r - 238, 0 = 5*l - r + 583. Let s = -120 - l. Let d(g) = 2*g**2 + 3*g - 8. What is d(s)?
12
Let c(v) = -v**3 + 12*v**2 - 12*v + 8. Let j be c(11). Let y(o) = 9*o - 5. Give y(j).
-32
Let v(i) be the first derivative of i**3/3 - 27*i**2 + 93*i + 1284. Give v(52).
-11
Let q be ((-34)/(-51))/((-2)/18). Let s(i) = i**3 + 8*i**2 + 2*i - 2. What is s(q)?
58
Let v(n) = n**3 - 4*n**2 + 6*n - 2. Suppose -2*w + 4*g = 0, -3*w = g + 370 - 384. Calculate v(w).
22
Let g(d) = 11 + 3 + 4*d + d**2 - 5. Let h(m) = -2*m**2 - 15*m + 13. Let c be h(1). Determine g(c).
9
Let z(i) = i**3 + 4*i**2 - 2*i - 3. Let l(f) = 3*f**2 + 31*f + 5. Let y be l(-10). Calculate z(y).
-18
Suppose -15 = -3*i - 3. Suppose 0 = -u + i*t + 2, 4*u - 2 - 6 = 4*t. Let l(f) = -6*f**2 - 8 + 8*f - u*f**3 - f**2 + 3*f**3. Determine l(6).
4
Let z(n) = -n + 2. Let p(m) = -6*m - 15. Suppose 10*b - b = 18. Suppose b + 13 = -5*x. Let o be p(x). Calculate z(o).
-1
Let j(t) be the third derivative of -53*t**5/60 + t**4/24 - t**3/6 - 1433*t**2. Calculate j(1).
-53
Let h(l) = 9*l + 2. Suppose -17*y - 62 = 17 - 28. Give h(y).
-25
Let d(l) = 6*l + 122. Let s be (28/(-63))/2*-9. Let b(u) = -u - 23. Let g(i) = s*d(i) + 11*b(i). Let h = 10 + -3. Give g(h).
-2
Let t(v) = -2*v**3 + 3*v**2 - 3*v + 11. Let d = 496 - 494. Let u be t(d). Let k(j) = 2*j**2 + j + 1. Determine k(u).
4
Let s be (-3)/((-9)/3)*-5. Let p(x) = -23 + 3 + 1 - x + 18. What is p(s)?
4
Let f = -207 + 225. Let o(d) = 32*d - 11*d**2 - 16*d + 2*d**3 - d**3 - 5*d**2 - f. Give o(15).
-3
Suppose 2*k = 6*k + 4*f, -2*k = 5*f + 6. Let b(n) = -5*n**3 - 4*n - 1. Let m(c) = 11*c**3 + 9*c + 2. Let i(j) = 13*b(j) + 6*m(j). Give i(k).
11
Let y(v) = v**3 - 5*v**2 + 8*v - 7. Suppose 2 = -8*z + 730. Suppose 5*c + 66 = z. What is y(c)?
33
Suppose -129*n + 133*n = 40. Suppose n*g = 10 - 40. Let o(w) = -w**3 + 2*w - 3. Calculate o(g).
18
Let c be (-393)/(-8) - 3/24. Suppose 6*y - 1 = -c. Let q(j) = -j - 1. Let n(t) = -t**3 - 7*t**2 + 4*t - 8. Let p(x) = n(x) - 6*q(x). Determine p(y).
-18
Let i(n) be the second derivative of 1/12*n**4 - 7/4*n**5 - 100*n + 0 - 1/6*n**3 + 0*n**2. Give i(1).
-35
Let s(h) = -27*h + 1. Suppose 7*a + 43 + 27 = 0. Let l be (-4)/(-3) - (62/6 + a). Determine s(l).
-26
Let s = -879 + 344. Let t = s + 541. Let z(j) = j**3 - 6*j**2 - j - 3. Give z(t).
-9
Let x(a) = -1457*a - 19*a**2 + 4*a**2 + 1441*a - 1 + 0 + a**3. Determine x(16).
-1
Let w(j) = 1289*j**2 - 4*j**3 + 1281*j**2 + 1285*j**2 - 3854*j**2. Give w(-1).
5
Let p(n) be the third derivative of 1/12*n**4 + 48*n**2 + 0 + 0*n + 7/3*n**3. Determine p(-5).
4
Let x = -39 - -64. Let u = x + -19. Let h(b) = -b**2 + 5*b + 6. Let n be h(u). Let i(v) = v**3 + v**2 - v + 6. What is i(n)?
6
Let v = -1930 - -1942. Let x(g) = -g**2 + 11*g + 7. Give x(v).
-5
Let p(k) = 75*k**3 + 103*k**2 + 63*k - 83. Let a(j) = 28*j**3 + 36*j**2 + 21*j - 28. Let y(c) = 8*a(c) - 3*p(c). What is y(-20)?
45
Let n(h) = 7*h - 10. Let q = -738 - -741. Determine n(q).
11
Suppose 3*s + 4 = -5*u, 0 = -u - s - 2 - 0. Let r(d) = -211*d + 117*d + 103*d - u. What is r(-2)?
-19
Let u(v) = -v - 20. Suppose 17*m + 1172 = 696. Determine u(m).
8
Let l(k) = 7*k**2 + 7*k - 10. Suppose 4*b = -0*b - 12. Let a be (b + 6/4)*4. Let y(d) = -d**2 - d + 1. Let j(w) = a*y(w) - l(w). Give j(-4).
-8
Let m(f) = f**3 - 2*f - 2. Let s be 5/(10/(-348))*4/6. Let z = -102 - s. Let x = z - 16. What is m(x)?
-6
Let x(j) = 8*j**3 - 3*j**2 - j - 9. Let d(a) = -9*a**3 + 3*a**2 + 2*a + 11. Let l(y) = 4*d(y) + 5*x(y). Give l(1).
3
Suppose 0 = -h + 4, 10 = 5*p + 5*h. Let v(u) = 2*u**3 + 8*u**2 + 5*u. Give v(p).
6
Let a(h) = h**3 + 5*h**2 - 9*h - 2. Suppose 43*j - 252 = 22*j. Let t(g) = -4*g + 2. Let x be t(5). Let z = j + x. Determine a(z).
16
Let o(n) = 7*n**2 - 17*n + 39. Let x(r) be the second derivative of r**4/12 - r**3/6 + 5*r**2/2 - 128*r. Let w(q) = o(q) - 6*x(q). What is w(10)?
-1
Let d(j) = 43*j + 1. Let q be d(1). Suppose -11*o + 574 = 3*o. Let u = q - o. Let r(n) = -3*n + 2. Determine r(u).
-7
Let m(i) = 9*i**2 + 4. Let t(p) = -4111*p + 17*p**2 + 4111*p + 9. Let h(l) = -7*m(l) + 3*t(l). Let q(z) = -2*z + 3. Let a be q(2). Determine h(a).
-13
Let j be (16/56)/(-5 + (-414)/(-84)). Let t(a) = 4*a**2 + 7*a + 2. What is t(j)?
38
Suppose -2*k = -k - 4. Su